7?
0
What is the units digit of 141223392?
2
What is the ten millions digit of 477131078?
7
What is the millions digit of 36211980?
6
What is the tens digit of 440858864?
6
What is the hundreds digit of 1181262687?
6
What is the ten thousands digit of 1732127397?
2
What is the ten thousands digit of 551333566?
3
What is the units digit of 75591360?
0
What is the thousands digit of 31315481?
5
What is the hundreds digit of 784342567?
5
What is the hundreds digit of 30461549?
5
What is the thousands digit of 1436410028?
0
What is the ten millions digit of 3089674449?
8
What is the ten thousands digit of 96663768?
6
What is the millions digit of 153677896?
3
What is the hundred millions digit of 745035236?
7
What is the hundred thousands digit of 1780389319?
3
What is the units digit of 74144606?
6
What is the thousands digit of 62732424?
2
What is the ten millions digit of 46961292?
4
What is the millions digit of 473693346?
3
What is the tens digit of 156362704?
0
What is the hundred millions digit of 331755867?
3
What is the hundred millions digit of 588597710?
5
What is the hundred millions digit of 710792246?
7
What is the millions digit of 783785952?
3
What is the thousands digit of 127248541?
8
What is the ten millions digit of 100927743?
0
What is the tens digit of 586117877?
7
What is the billions digit of 1518783860?
1
What is the billions digit of 3318667303?
3
What is the tens digit of 1230220951?
5
What is the ten millions digit of 58765399?
5
What is the thousands digit of 151779662?
9
What is the units digit of 145963883?
3
What is the ten millions digit of 720458703?
2
What is the thousands digit of 160917074?
7
What is the ten millions digit of 187700278?
8
What is the tens digit of 55875836?
3
What is the hundreds digit of 4079990637?
6
What is the ten millions digit of 48615826?
4
What is the hundred millions digit of 220835808?
2
What is the units digit of 343611268?
8
What is the ten thousands digit of 6729507?
2
What is the hundreds digit of 284578684?
6
What is the ten millions digit of 1444046235?
4
What is the tens digit of 4833339837?
3
What is the hundred thousands digit of 613843793?
8
What is the thousands digit of 79301953?
1
What is the hundred thousands digit of 108513702?
5
What is the millions digit of 656598160?
6
What is the ten millions digit of 2347698708?
4
What is the millions digit of 917004578?
7
What is the units digit of 1299253692?
2
What is the ten thousands digit of 66977072?
7
What is the hundreds digit of 3456192926?
9
What is the tens digit of 687171138?
3
What is the units digit of 1480990367?
7
What is the hundred thousands digit of 3874136139?
1
What is the thousands digit of 25018948?
8
What is the hundred millions digit of 103693102?
1
What is the units digit of 2244039037?
7
What is the millions digit of 50763424?
0
What is the hundred thousands digit of 5039653623?
6
What is the ten thousands digit of 91437868?
3
What is the tens digit of 842134347?
4
What is the ten millions digit of 43431220?
4
What is the tens digit of 13429763?
6
What is the ten thousands digit of 89822493?
2
What is the hundred thousands digit of 14892513?
8
What is the ten millions digit of 13602298?
1
What is the units digit of 1112760792?
2
What is the thousands digit of 1404418855?
8
What is the millions digit of 46185695?
6
What is the ten thousands digit of 1356536817?
3
What is the millions digit of 1704499783?
4
What is the ten thousands digit of 847123672?
2
What is the ten millions digit of 2593134426?
9
What is the millions digit of 968880691?
8
What is the units digit of 40487162?
2
What is the hundreds digit of 4802620339?
3
What is the units digit of 87945376?
6
What is the thousands digit of 293686264?
6
What is the tens digit of 209760122?
2
What is the ten thousands digit of 196372185?
7
What is the hundreds digit of 5370886675?
6
What is the tens digit of 65954989?
8
What is the thousands digit of 27486249?
6
What is the units digit of 356999931?
1
What is the thousands digit of 54584475?
4
What is the tens digit of 3391761009?
0
What is the ten thousands digit of 23072434?
7
What is the hundred thousands digit of 20746385?
7
What is the hundreds digit of 211532854?
8
What is the units digit of 18255888?
8
What is the hundred thousands digit of 715772700?
7
What is the tens digit of 193656144?
4
What is the millions digit of 100022876?
0
What is the ten millions digit of 99080405?
9
What is the tens digit of 606255087?
8
What is the millions digit of 3388436357?
8
What is the hundreds digit of 587192978?
9
What is the units digit of 163264349?
9
What is the thousands digit of 429647541?
7
What is the hundreds digit of 18177572?
5
What is the millions digit of 759349173?
9
What is the hundred thousands digit of 617834120?
8
What is the millions digit of 25419380?
5
What is the ten thousands digit of 169444410?
4
What is the units digit of 57976936?
6
What is the tens digit of 14408593?
9
What is the units digit of 8678215?
5
What is the thousands digit of 7368443?
8
What is the units digit of 377888800?
0
What is the millions digit of 469373637?
9
What is the tens digit of 75303977?
7
What is the hundred thousands digit of 112332553?
3
What is the hundreds digit of 91144093?
0
What is the units digit of 8903601414?
4
What is the millions digit of 2063076062?
3
What is the units digit of 80735106?
6
What is the tens digit of 32725932?
3
What is the millions digit of 22204480?
2
What is the hundreds digit of 284848352?
3
What is the hundred thousands digit of 971887279?
8
What is the millions digit of 176716573?
6
What is the tens digit of 2967658533?
3
What is the ten thousands digit of 90394487?
9
What is the tens digit of 28329036?
3
What is the hundred thousands digit of 5694844?
6
What is the millions digit of 230545268?
0
What is the tens digit of 3881853624?
2
What is the units digit of 16961422?
2
What is the ten millions digit of 1276515528?
7
What is the units digit of 599591356?
6
What is the tens digit of 57538465?
6
What is the hundred millions digit of 173769789?
1
What is the thousands digit of 266632616?
2
What is the hundred millions digit of 270828899?
2
What is the thousands digit of 95879502?
9
What is the thousands digit of 1334275685?
5
What is the tens digit of 131721781?
8
What is the hundred millions digit of 1307709530?
3
What is the tens digit of 67633333?
3
What is the hundreds digit of 74399885?
8
What is the ten millions digit of 80938840?
8
What is the ten thousands digit of 5430304635?
0
What is the units digit of 30148790?
0
What is the ten thousands digit of 166475766?
7
What is the hundreds digit of 311254422?
4
What is the millions digit of 148319392?
8
What is the hundred thousands digit of 426831937?
8
What is the millions digit of 206230601?
6
What is the thousands digit of 474994352?
4
What is the ten thousands digit of 127214068?
1
What is the ten thousands digit of 96155421?
5
What is the hundreds digit of 33710198?
1
What is the hundreds digit of 581983925?
9
What is the millions digit of 49220978?
9
What is the hundred thousands digit of 37375436?
3
What is the units digit of 66847507?
7
What is the billions digit of 1291359804?
1
What is the units digit of 1279366255?
5
What is the hundreds digit of 2269468335?
3
What is the hundred thousands digit of 124012851?
0
What is the thousands digit of 8417989464?
9
What is the units digit of 3112423961?
1
What is the units digit of 167780133?
3
What is the units digit of 935887?
7
What is the millions digit of 3077475?
3
What is the thousands digit of 180463663?
3
What is the thousands digit of 1193848834?
8
What is the hundred thousands digit of 482695002?
6
What is the hundred millions digit of 322723889?
3
What is the hundred thousands digit of 74194330?
1
What is the hundreds digit of 61500142?
1
What is the ten millions digit of 1091956284?
9
What is the ten millions digit of 4152648658?
5
What is the units digit of 715865423?
3
What is the hundred millions digit of 1422757411?
4
What is the hundreds digit of 146555137?
1
What is the ten millions digit of 248296585?
4
What is the hundred thousands digit of 2342056645?
0
What is the hundreds digit of 3076598199?
1
What is the thousands digit of 1794673687?
3